o base 11.
45a034
Convert -1464d52 (base 15) to base 13.
-3094c67
362c8 (base 16) to base 15
45b31
What is 110031103000 (base 4) in base 12?
1935714
What is c0a79 (base 13) in base 5?
42011042
What is -3c0c4a (base 16) in base 3?
-21101221020002
-10010111111110001110 (base 2) to base 5
-124404403
-1b5b67 (base 13) to base 14
-142733
-1110111001101111011100 (base 2) to base 10
-3906524
332154405 (base 6) to base 10
5987237
-1112442143 (base 5) to base 16
-25aa47
Convert -36a5a3 (base 12) to base 7.
-10361640
What is 2041b5 (base 14) in base 10?
1086979
-2073362 (base 8) to base 9
-1034855
-34432440 (base 6) to base 10
-1062024
Convert 312321311222 (base 4) to base 12.
49a1122
Convert -250267 (base 8) to base 11.
-59843
-285006 (base 9) to base 12
-849b9
What is -2123131121 (base 4) in base 10?
-636761
Convert 14cc88 (base 13) to base 11.
321230
-296625 (base 13) to base 15
-15060c
3036216 (base 9) to base 7
16520553
11126336 (base 7) to base 6
32403425
Convert 3811188 (base 9) to base 4.
13322120312
What is -1833642 (base 11) in base 8?
-13667461
What is -2843556 (base 9) in base 15?
-20d6c6
Convert -314113000 (base 5) to base 11.
-81a222
Convert -2600212 (base 9) to base 14.
-28c753
23222221103 (base 4) to base 2
1011101010101001010011
Convert 330120112 (base 4) to base 7.
2050021
Convert -1124231131 (base 5) to base 3.
-11211121110111
Convert 122322332 (base 4) to base 7.
636326
Convert -4a14d (base 15) to base 4.
-321300010
What is 7421053 (base 9) in base 8?
17112206
What is 303420 (base 6) in base 12?
11b70
What is -234234550 (base 6) in base 9?
-8255123
-2022031342 (base 5) to base 10
-4095847
Convert -147054 (base 9) to base 3.
-11121001211
-1011001002201212 (base 3) to base 6
-1345323552
1410035533 (base 6) to base 5
13333100030
What is 25924 (base 13) in base 16?
1101a
What is 904b5 (base 16) in base 6?
20400125
What is -233bb (base 14) in base 2?
-10100111100111001
Convert -5552842 (base 9) to base 16.
-2d9587
-23194b (base 12) to base 3
-1001121020012
Convert -2920a02 (base 12) to base 4.
-133133032202
-11100001111100010 (base 2) to base 7
-661160
Convert 425554431 (base 6) to base 7.
121145665
Convert 1326441 (base 8) to base 7.
3106360
-25630 (base 13) to base 16
-10e28
ac87b6 (base 14) to base 2
10110010111010100111100
What is 199ba0 (base 14) in base 11?
572132
Convert -2354e (base 15) to base 2.
-11011011110111110
Convert -c8a088 (base 14) to base 12.
-2334834
What is -b910 (base 15) in base 7?
-222120
What is 22011200112020 (base 3) in base 13?
b9119b
Convert 1725727 (base 8) to base 14.
d1303
30232132 (base 4) to base 15
106a1
What is -8319 (base 13) in base 14?
-6853
What is -330441102 (base 6) in base 5?
-3003241243
Convert -15402135 (base 6) to base 15.
-ab65b
20e6 (base 16) to base 12
4a5a
111201102121201 (base 3) to base 5
3331304210
What is -371466 (base 9) in base 15?
-4665c
-221358 (base 10) to base 5
-24040413
What is 4133353 (base 8) in base 14?
2072b1
b8a58 (base 16) to base 8
2705130
What is 2720636 (base 8) in base 6?
24201010
Convert 12100452 (base 7) to base 11.
675364
Convert -12502254 (base 7) to base 14.
-21ab2b
Convert 12111120111100 (base 3) to base 5.
1222040004
Convert 100010100000011000111 (base 2) to base 11.
702565
What is -307a66 (base 12) in base 9?
-1377606
Convert c6bad (base 14) to base 10.
479765
Convert 10011202122 (base 3) to base 8.
172072
-231321022 (base 4) to base 9
-315764
Convert -98d3d (base 15) to base 9.
-820114
-11202020100210 (base 3) to base 4
-21220032132
2549228 (base 12) to base 3
111202122012212
Convert 13a7c4 (base 15) to base 13.
271c18
25232350 (base 7) to base 3
11021200110221
What is 28157400 (base 9) in base 5?
12030232442
-11021122000 (base 3) to base 15
-19e99
10110111100110000000 (base 2) to base 9
1365485
10010000110010000000111 (base 2) to base 14
8b6d15
What is -154aaa (base 12) in base 7?
-3032314
Convert -3450605 (base 8) to base 6.
-32040153
-792ad (base 14) to base 8
-1076411
What is 23c8e1 (base 16) in base 6?
122133201
4525544 (base 6) to base 11
147381
What is -502033214 (base 6) in base 15?
-b2c50a
92d170 (base 14) to base 10
4953214
What is -32440441 (base 5) in base 14?
-74454
b7876 (base 12) to base 4
322330122
Convert -256a4a9 (base 11) to base 2.
-10000111110011101011000
Convert 10211212202 (base 3) to base 2.
10010011111010000
Convert 1aa68a3 (base 12) to base 6.
322005523
Convert 201010010010 (base 3) to base 6.
12021520
What is -96cf8 (base 16) in base 8?
-2266370
What is -100111111010110101100 (base 2) in base 4?
-10333112230
What is -20020202012 (base 3) in base 10?
-123017
-a85b0d (base 14) to base 10
-5701457
-443994 (base 15) to base 4
-30122001001
What is 3d09b1 (base 14) in base 13?
59077b
What is 4420220 (base 5) in base 8?
225026
Convert -3a2b1f (base 16) to base 2.
-1110100010101100011111
What is 647400 (base 11) in base 3?
1221120022011
1607369 (base 12) to base 4
101020211001
3a58941 (base 12) to base 8
54074101
1624116 (base 9) to base 13
257667
What is -2045512 (base 6) in base 16?
-185b4
-2157286 (base 9) to base 16
-11b38f
Convert -24351253 (base 6) to base 5.
-144323000
Convert -55543603 (base 7) to base 13.
-cc12ac
Convert -11c367 (base 13) to base 5.
-102124220
What is -2404262 (base 8) in base 4?
-2200202302
-10001100221100 (base 3) to base 10
-1621251
Convert 42426660 (base 7) to base 9.
6702546
-27433246 (base 8) to base 14
-b6a1ca
What is 12a3901 (base 12) in base 8?
16065521
What is -42014 (base 14) in base 16?
-26dc2
What is 4624110 (base 7) in base 16?
8d084
10100010010111 (base 2) to base 8
24227
15446433 (base 7) to base 4
11223333102
Convert -102712 (base 9) to base 15.
-13175
What is -128b4b (base 12) in base 2?
-1001010101001101011
Convert 5f0757 (base 16) to base 7.
103635564
Convert -412321 (base 6) to base 8.
-100271
What is -619319 (base 16) in base 14?
-bc65a9
What is -302a19 (base 11) in base 13?
-1408c0
110111001100111011000 (base 2) to base 4
12321213120
Convert bb29a (base 13) to base 6.
11132311
-132b20 (base 12) to base 15
-639d9
103565016 (base 7) to base 4
113232002331
-307ca7 (base 13) to base 14
-21647d
What is -311121002 (base 4) in base 7?
-1600403
Convert -57733 (base 11) to base 3.
-11020102002
12818167 (base 9) to base 2
11000001001100110011010
What is 100003 (base 8) in base 4?
20000003
What is -5122566 (base 7) in base 10?
-610833
What is 260858 (base 10) in base 8?
775372
What is -84abb (base 15) in base 16?
-66c3e
Convert -1479a (base 16) to base 10.
-83866
What is -200000012 (base 4) in base 16?
-20006
What is 563410 (base 14) in base 5?
1222204041
What is -33323255 (base 6) in base 11?
-628186
Convert -6392958 (base 10) to base 14.
-bc5b1c
What is 102527 (base 9) in base 14?
182c9
Convert 476641 (base 9) to base 7.
2303536
What is -2c6163 (base 14) in base 6?
-53143335
Convert -5245625 (base 12) to base 9.
-32174462
What is -2405533 (base 8) in base 2?
-10100000101101011011
-1001000100010010011110 (base 2) to base 7
-26126425
-401024 (base 5) to base 8
-30537
-2601416 (base 9) to base 5
-330340434
What is 1766048 (base 11) in base 9?
5564077
-112034 (base 10) to base 2
-11011010110100010
Convert 1012221221122 (base 3) to base 11.
403484
Convert 19f99e (base 16) to base 9.
3174106
Convert -2110034 (base 5) to base 3.
-1210001000
What is -10010110000011011110 (base 2) in base 7?
-5136621
-31213222010 (base 4) to base 8
-15475204
Convert 2438ba6 (base 12) to base 15.
942643
What is 1030300310 (base 4) in base 11?
1a5257
18a84 (base 16) to base 9
163477
Convert 1bde60 (base 15) to base 13.
389733
Convert 28a2a9 (base 12) to base 3.
1021121111110
Convert -101110000111000111 (base 2) to base 5.
-22020441
What is -244141243 (base 5) in base 9?
-2161052
What is 407928 (base 14) in base 16?
212590
What is -cba85 (base 16) in base 11?
-51a807
Convert -224926 (base 11) to base 7.
-3020136
What is 1233313242 (base 5) in base 13?
81c49a
-21113431 (base 5) to base 15
-372b1
Convert 1c3cf (base 16) to base 2.
11100001111001111
Convert 1110111011011000000 (base 2) to base 13.
141851
-503243 (base 6) to base 13
-15063
-5772939 (base 11) to base 10
-10091442
-3a53537 (base 11) to base 10
-7003036
Convert 1c9c03 (base 13) to base 2.
10110011101001010101
Convert 83c526 (base 13) to base 5.
1242131033
What is 1